-13*h**2 + 65*h + 128. Let g(n) = 23*n**2 - 114*n - 224. Let k(t) = 9*g(t) + 16*x(t). Give k(13).
45
Let v = 5217 + -5215. Let j(m) = 24*m - 2. Determine j(v).
46
Let v be 4*(-13 - 910/(-56)). Let z(d) = -3*d - 17. Determine z(v).
-56
Let a(y) = 6*y**2 + 2*y + 1. Suppose -5*x + 2*l + 4 = 0, -6*x = -5*x - 2*l - 4. Suppose 2*j + x*j - 6 = 0. Suppose 0 = -6*h - 9 + j. Calculate a(h).
5
Let i(d) = -5*d**2 + 17*d - 26. Let a(l) = -10*l**2 + 12*l**2 + 3 - 6*l + 0 + 6. Let p(t) = 8*a(t) + 3*i(t). Let h be ((-1)/(-2))/((-3)/42). Determine p(h).
22
Let z(g) = -g**3 + 4*g**2 + 9*g - 5. Suppose -3*f + 2*f = 4*f. Let u be f/(6/(-2) - 1). Suppose u = 2*q - 5*i - 18 - 9, -5*q + 21 = 3*i. Determine z(q).
-23
Let p = 165 - 157. Let z(i) = i + 5 - 17 + p. Determine z(-3).
-7
Suppose 10 = -0*p + p. Let a(z) = 356 - 8*z + z**2 + 354 + 353 - 1073. Give a(p).
10
Let y(z) = 3*z - 29. Let h be y(12). Let j(g) = 37*g**3 - 69*g**3 + 7*g**2 + 33*g**3 + 3 - h*g. Determine j(-8).
-5
Suppose 13*j + 487 = -1099. Let t = j + 129. Let b(w) = w**3 - 7*w**2 - w - 1. What is b(t)?
-8
Let y(r) = -2*r**3 + 112*r**2 + 111*r + 174. Let a be y(57). Let u(d) be the first derivative of -1/4*d**4 - 3*d + 2 + 1/3*d**a + 3/2*d**2. Give u(2).
-1
Let g(s) = -15*s + 516. Let l = -22179 - -22214. Give g(l).
-9
Suppose 4*c - 22*z + 21*z - 54 = 0, -5*c + 81 = z. Let h(p) = p**2 - 12*p + 12. Determine h(c).
57
Let u(i) = -3 + 53*i**3 - 4*i - 16*i**3 - 19*i**3 + i**2 - 17*i**3 + 2*i**2. Give u(-3).
9
Let p(y) = 7*y + 26*y**3 + 13 - 100*y**3 + 31*y**3 + 44*y**3 - 4 + 6*y**2. Calculate p(-4).
13
Let h(t) = t + 1. Let q(i) = -2*i + 50. Let y(u) = -h(u) - q(u). Let k be y(13). Let o = k + 44. Let v(m) = -m**2 + 4*m - 3. Give v(o).
-15
Let q(v) be the second derivative of v**5/20 + 5*v**4/4 + 7*v**3/3 + 7*v**2/2 + 1354*v. What is q(-14)?
7
Let m(u) = 4*u - 2*u**2 - 35 + 3*u**2 + 22 + 19. Let t = -137 + 132. Give m(t).
11
Let d(x) = 40*x**2 + 68*x + 63. Let p(m) = -21*m**2 - 3*m - 1. Let g(u) = -d(u) - 2*p(u). Determine g(-1).
3
Let g(v) = -v**2 + 6*v + 17. Let u be g(8). Let r(l) = u - l**3 + 5*l - 4*l**2 + 0 + 2 + 4. Calculate r(-5).
7
Let r(s) = s - 4. Let l = 30 - 174. Let j = l - -149. Calculate r(j).
1
Let c be 20/110 + (-720)/(-33) + 1. Suppose -12 = -2*q - 5*u + c, -4*q = 5*u - 55. Let t(r) = 2*r - 15. Determine t(q).
5
Let m(t) = -4*t - 161 - t**2 + 31 + 107 + 37. What is m(-6)?
2
Let h be 1/(-1 - (0 - 0)). Suppose 57*t = 66*t - 36. Let b(c) = 12 - 2 + t*c - 9 + 6*c. Calculate b(h).
-9
Let c(q) = q + 8. Suppose 3*i - 2*z + 38 = 0, 19*i - 24*i + 4*z = 64. Let w be 6*(-8)/i*-2. Give c(w).
0
Suppose -22*a - 2*p - 64 = -17*a, 21 = -3*p. Let s(u) = -u**3 - 10*u**2 - 9*u - 10. Calculate s(a).
80
Suppose -11*b + 10*b + 298 = -l, -4*b + l = -1177. Let z(r) = b - r**2 - 156 - 147 - r + 0*r**2. Give z(0).
-10
Let p be 2/(-10) + (-2448)/(-40). Let q = 66 - p. Suppose -q*r + 60 = 7*r. Let t(z) = z**3 - 6*z**2 + 4*z + 1. Determine t(r).
-4
Let k(c) = -6*c - 2*c + 11*c. Let g(v) = -v**2 + 12*v + 5. Suppose -4*z = -20, 0 = 4*t - 3*z - 8 - 25. Let a be g(t). Determine k(a).
15
Suppose 0 = -726*v + 738*v - 72. Let u(s) = 7*s - 58. Give u(v).
-16
Let d(f) = -f**2 + f + 8. Let t = -80 - -121. Suppose t*x - 47*x = 12. Let l be x + -1 - (-18)/6. Calculate d(l).
8
Let j(r) = 29249*r**2 - 17*r + 52 - 58499*r**2 + 29251*r**2. What is j(13)?
0
Let a(k) be the first derivative of 1/120*k**5 - 1/6*k**4 - 1 - 9*k**3 + 0*k**2 + 0*k. Let c(u) be the third derivative of a(u). Calculate c(-6).
-10
Let k(w) = 4*w + 7. Let f = -20542 + 20549. What is k(f)?
35
Let x(g) = -g**3 - 17*g**2 - 29*g + 5. Let a be x(-15). Let r(t) be the second derivative of -t**5/20 - 5*t**4/6 - t**3/2 + t**2/2 + 394*t. Calculate r(a).
31
Suppose 10*p - 6 = 4*p. Let c be (-24)/(-28)*(p + -8)*1. Let a(g) = g**2 + 7*g + 8. Give a(c).
2
Let d(k) be the third derivative of -7*k**2 + 1/20*k**5 + 0 + 0*k + 1/6*k**4 - 1/120*k**6 - 1/3*k**3. Let u be (-3 + (-18)/(-8))*-4. Give d(u).
10
Let a(j) be the second derivative of j**7/2520 + 7*j**6/360 - j**5/30 + 3*j**4 + 2*j**3/3 - 216*j. Let m(i) be the third derivative of a(i). Calculate m(-14).
-4
Let c(p) = -2*p - 30. Let q be c(-16). Suppose 4*z - 2*d = -22, d + 3 = q*d. Let n(y) = y**2 - y**2 - y**2. Determine n(z).
-16
Let j(x) = 9*x - 2 - 4*x + x**2 + 0*x. Suppose -3*w = 21 - 42. Suppose -w = 6*r + 23. Give j(r).
-2
Suppose 2 = b - 0*b. Let t be ((-60)/8 - (-3)/2) + 8. Let i(m) = m - b*m + t*m + 5*m. Calculate i(1).
6
Suppose 37*r = -45*r - 412 + 494. Let p(s) = 15*s**2 + s - 2. Give p(r).
14
Let o(u) = u**3 - 24*u**2 + 21*u + 33. Suppose 0 = -d + 3*i + 26, -69 = -3*d - 3*i - 3. What is o(d)?
-13
Suppose 5*d + 8*y = 7*y + 17, -3*d - 4*y + 17 = 0. Let c(b) = -4*b - 15. Give c(d).
-27
Let r(z) = z**2 + 11. Let s = 89 - 88. Let b be (4 - s)/(4 + (-1 - 2)). Suppose b*h = y + 3, -3 = -5*y + 6*y. Determine r(h).
11
Let n be (-2)/(-3)*(5 + 1). Let g(j) be the second derivative of j**4/24 - 113*j**2/2 - j + 12. Let z(h) be the first derivative of g(h). What is z(n)?
4
Let g(b) = -b**3 - 4*b**2 - 8*b + 2. Let q(l) = -l**2 - 4*l + 1. Let h(y) = -g(y) + 3*q(y). Calculate h(-4).
-31
Let r(d) = -4*d - 33. Let z(l) = -158*l + 152. Let o be z(1). What is r(o)?
-9
Let g(c) = 2*c**2 - 3*c - 4. Let k(p) = -p**2 - p - 3. Let o(i) = g(i) + 3*k(i). Give o(-6).
-13
Let v(g) = -5*g**2 - 30*g + 7. Suppose 3*i + 22 = -z + 3, 4*i - 3*z = -21. What is v(i)?
7
Let i be 7 + -2*1/1. Let x(o) = -o**2 - o**2 - o**3 - i*o + 138 - 134. Let a(h) = -2*h**3 - 3*h**2 - 11*h + 9. Let j(t) = 3*a(t) - 7*x(t). Calculate j(-3).
11
Suppose 424*w = 481*w - 912. Let z(y) = -6 + 17*y**2 + 2*y**3 - 3*y**3 - 2 - 15*y. Determine z(w).
8
Let h(t) = t**3 - 14. Suppose -47 = -4*v - 151. Let w = 16 - v. Let n be 6/(-14) - (-18)/w. What is h(n)?
-14
Let n = 5201 - 5208. Let q(c) = -48*c - 343. Give q(n).
-7
Let i(u) = -2*u - 1. Suppose 4*n - 4*a + 2*a = 98, -5*a = -n + 47. Suppose -n*q - 40 = -12*q. Determine i(q).
7
Let l(q) = -q**2. Suppose -2*d + 20 = -5*n - 5, 5*n + 3*d = 0. Let o(y) = 19*y - 1. Let c be o(n). Let j = 59 + c. Calculate l(j).
-1
Let t = 823 + -476. Let j(s) = -3 + 351*s + t*s - 696*s. Give j(2).
1
Suppose -374*r + 5376 = 522*r. Let g(a) be the second derivative of 5/3*a**3 + 0 - 3*a**2 - 1/12*a**4 - a. Calculate g(r).
18
Let v be (-3)/((-3)/26) - (5 - 3). Suppose -21*i + v = -15*i. Let y(l) = l**3 - l**2 - 5*l + 2. What is y(i)?
30
Let a(q) = 3*q - 9. Let h(w) = -16*w - 49. Let u(j) = 6*a(j) - h(j). Give u(0).
-5
Suppose -5*r = 3*l - 7, 72*l + 2*r = 68*l. Let f(n) = 15*n**3 + n**2 + 3*n + 3. Give f(l).
-14
Let b(q) = -6550122*q**2 + 6550118*q**2 + 6*q - 2*q**3 + q**3 - 2*q. Calculate b(-4).
-16
Let m(d) be the first derivative of d**3/3 + 7*d + 489. Let f = 6 - 6. Suppose f = 2*n + 3*n. What is m(n)?
7
Let n(r) be the third derivative of r**4/24 - 19*r**3/6 + r**2 + 21*r + 37. Give n(-6).
-25
Suppose 0 = 8*n - 2 + 26. Let x be 4*((-99)/4)/n. Let l = x + -37. Let w(i) = -i**2 - 6*i - 5. Determine w(l).
3
Suppose -24 = 5*u + u. Let h(r) be the second derivative of -1/3*r**3 - 1/20*r**5 + 0 - 30*r + 2*r**2 - 5/12*r**4. Calculate h(u).
-4
Let u be (-3*(-5)/(-30))/(1/(-2)). Suppose -3*g = n - 4, -u = 3*n + 4*g - 18. Let i(p) be the second derivative of -p**3/6 + 3*p**2 + 3*p. Calculate i(n).
-1
Let y be (-7 - 0) + (-1 + 2 - -2). Let v(b) = -12*b - 25. Let c(n) = 3*n + 6. Let r(j) = -9*c(j) - 2*v(j). What is r(y)?
8
Let t(l) = -18*l - 251. Let n be t(-16). Let v(b) = 18*b - 670. Give v(n).
-4
Let x(t) = 15*t**3 + 5*t**2 + 2*t - 1. Let p(c) = 31*c**3 + 13*c**2 + 5*c - 2. Let w(q) = 2*p(q) - 5*x(q). Give w(-1).
15
Let n = -764 - -770. Suppose n*v - 243 = -21*v. Let q(c) be the third derivative of -c**4/24 + 5*c**3/3 - c**2. What is q(v)?
1
Suppose -7*a + 400 = 6*a + 465. Let j(n) = 0*n - 2*n + 8*n - 7 + 2*n**2. Determine j(a).
13
Suppose 10*h = 113 + 267. Let q(m) = 10*m + 15*m - 2*m**2 + 1 + m**2 - h*m**3 - 24*m. Give q(-1).
37
Let g(h) be the third derivative of h**4/2 - h**3/6 - 83*h**2. Let c(l) = -12*l + 1. Let p be 3/(-2)*98/(-21). Let y(v) = p*c(v) + 6*g(v). Give y(-2).
25
Let z(a) = a**2 - 6*a + 5. Let u(g) = 10*g + 24. Let c be u(-2). Suppose c*r - 4*o = -9*o + 39, -3*r + 4*o = -6. Determine z(r).
5
Let o(i) = i**2 + 19*i + 7. Suppos